hat is l(-143)?
13
Let d(m) = -82*m**3 - 5*m**2 + 3*m - 5. Give d(-2).
625
Let g(t) = 13555*t + 365899. What is g(-27)?
-86
Let u(f) = 4*f**2 + 180*f + 586. Determine u(-40).
-214
Let v(b) = 1003549*b - 8028394. What is v(8)?
-2
Let i(s) = -9790*s - 3661483. Determine i(-374).
-23
Let s(d) = -432*d - 55312. Determine s(-129).
416
Let i(v) = -22*v**2 + 205*v - 413. Give i(2).
-91
Let b(o) = 3930*o + 125751. Give b(-32).
-9
Let v(i) = 129481*i - 776911. Determine v(6).
-25
Let j(v) = 5*v**3 - 271*v**2 - 879*v - 72. Determine j(-3).
-9
Let a(q) = -13*q**2 - 11*q - 113. Calculate a(-4).
-277
Let q(m) = 12*m**2 + 107*m - 2968. Calculate q(12).
44
Let m(t) = -415*t + 7558. Determine m(19).
-327
Let w(b) = -161*b - 80. Determine w(-4).
564
Let p(x) = -315*x**2 - 2757*x - 8250. Calculate p(-3).
-2814
Let t(o) = -784*o + 2371. Calculate t(3).
19
Let d(k) = -3520*k + 915196. What is d(260)?
-4
Let g(d) = 23353*d + 12540574. Determine g(-537).
13
Let v(m) = 3*m**2 + 686*m - 7240. Determine v(10).
-80
Let r(w) = 15*w**2 - 1076*w + 781. Calculate r(71).
0
Let z(b) = -4*b**2 - 235781*b - 943119. Calculate z(-4).
-59
Let q(m) = m**2 + 4*m - 1147. What is q(31)?
-62
Let w(l) = l**3 + 97*l**2 - 1002*l + 20017. Calculate w(-108).
-71
Let j(q) = q**2 - 9728*q + 58337. Give j(6).
5
Let f(v) = -15599*v + 15655. Calculate f(1).
56
Let g(a) = 2*a**2 - 2*a - 141. Give g(0).
-141
Let h(x) = -x**3 + 22*x**2 + 97*x - 1106. What is h(8)?
566
Let a(n) = 60*n**2 + 144*n + 459. What is a(-3)?
567
Let b(l) = -l**3 + 41*l**2 - 222*l + 380. What is b(7)?
492
Let m(v) = -v**3 + 37*v**2 - 41*v - 1013. What is m(35)?
2
Let t(d) = -1166*d + 1750172. Calculate t(1501).
6
Let j(s) = -2*s**2 - 65*s + 556. Give j(-48).
-932
Let k(q) = -q**3 - 972*q**2 + 7843*q + 2798. Give k(-980).
-142
Let k(t) = 872*t + 97810. Calculate k(-112).
146
Let u(v) = -3*v**3 + 281*v**2 - 202*v + 1608. Give u(93).
120
Let f(c) = -32831*c - 4300864. Give f(-131).
-3
Let s(v) = 80*v**3 - v**2 - 67*v + 137. Give s(2).
639
Let y(t) = 14*t**2 + 26*t + 22. Determine y(-1).
10
Let z(c) = 68*c**2 + 553*c + 467. Calculate z(-7).
-72
Let n(k) = -11*k**2 + 6115*k - 42616. Calculate n(7).
-350
Let b(s) = -790*s + 5350. Give b(7).
-180
Let h(a) = -365*a + 29256. Calculate h(80).
56
Let s(o) = -3771*o**2 - 11275*o + 117. What is s(-3)?
3
Let l(z) = -621*z + 1132. Give l(3).
-731
Let y(w) = -w**2 - 140*w + 7778. Calculate y(38).
1014
Let k(w) = -315*w - 46843. Calculate k(-150).
407
Let m(f) = -f**2 - 125*f + 54. Determine m(7).
-870
Let k(a) = 3*a**2 + 689*a + 5742. Give k(-221).
-4
Let p(u) = -u**2 - 81*u + 8314. Determine p(59).
54
Let c(v) = 32*v**2 + 1218*v + 130. What is c(-38)?
54
Let i(p) = -12*p**2 + 37*p + 378. Determine i(-4).
38
Let t(x) = -x**3 + 36*x**2 + 42*x - 442. Calculate t(37).
-257
Let k(c) = -6673*c - 98510. Calculate k(-14).
-5088
Let s(v) = 402*v + 10032. Calculate s(-24).
384
Let j(s) = -9*s**2 - 1050*s + 53574. What is j(-155)?
99
Let g(l) = 1607*l - 72417. Calculate g(44).
-1709
Let o(b) = -2*b**3 - 82*b**2 + 645*b + 26601. Calculate o(-41).
156
Let n(g) = -3192*g - 296863. Calculate n(-93).
-7
Let f(s) = -145*s**3 + 996*s**2 + 716*s - 4079. Determine f(7).
2
Let f(j) = j**3 - 65*j**2 - 915*j + 39529. Calculate f(70).
-21
Let r(c) = -82*c**2 + 8735*c - 37867. Give r(102).
-25
Let s(a) = 186082*a - 5768553. Give s(31).
-11
Let x(o) = -1737*o + 24455. Give x(14).
137
Let z(g) = -2095*g + 3925. What is z(2)?
-265
Let l(b) = 11825*b - 390214. Determine l(33).
11
Let n(r) = r**3 - 62*r**2 - 121*r - 36. Calculate n(63).
-3690
Let h(s) = -s**2 - 3175*s - 1944834. Calculate h(-829).
0
Let u(k) = -58*k**2 - k - 204. Calculate u(0).
-204
Let g(n) = -n**3 + 238*n**2 - 14148*n + 23. Determine g(123).
-346
Let j(o) = -14*o**3 - 2*o**2 + 169*o - 163. Calculate j(1).
-10
Let m(d) = 11*d**3 - 12*d**2 + 8*d - 222. Give m(0).
-222
Let m(f) = 102*f**2 + 612*f - 6. Determine m(-6).
-6
Let q(z) = z**3 + 52*z**2 - 191*z + 222. What is q(-56)?
-1626
Let y(o) = -2*o**3 + 4*o**2 + 58*o + 88. Calculate y(-4).
48
Let a(r) = 4098*r + 12364. What is a(-3)?
70
Let i(z) = -125*z**2 + 696*z - 417. Give i(5).
-62
Let h(l) = l**2 + 1824*l + 19897. Determine h(-11).
-46
Let f(h) = h**3 - 1274*h**2 + 128037*h + 341. Calculate f(110).
11
Let t(n) = -12220*n + 31662018. Calculate t(2591).
-2
Let b(t) = 7*t**2 + 1423*t + 14772. Calculate b(-191).
-1654
Let d(g) = -3*g**3 - 47*g**2 - 79*g - 21. Give d(-13).
-346
Let p(z) = 32*z**3 + 289*z**2 + 19*z + 9. Give p(-9).
-81
Let s(d) = -5008*d - 50070. Calculate s(-10).
10
Let n(w) = w**2 - 114*w + 1028. Give n(0).
1028
Let f(u) = -206*u**2 + 354*u - 27. Determine f(2).
-143
Let f(c) = c**3 + 145*c**2 + 1951*c - 217. What is f(-130)?
-347
Let z(i) = -15*i**3 + 29*i**2 + 1317*i - 2628. Calculate z(2).
2
Let o(l) = 41075*l - 205355. Give o(5).
20
Let o(k) = -3647*k + 14501. Give o(4).
-87
Let c(b) = -31*b**3 + 7*b**2 - 18*b + 37. Give c(3).
-791
Let b(i) = 5*i**3 - 1913*i**2 + 1130*i + 6056. Determine b(382).
-56
Let h(w) = 20*w**2 + 1303*w + 214. Determine h(-65).
19
Let j(m) = -4*m**3 + 143*m**2 + 240*m - 2024. Calculate j(37).
11
Let b(w) = 23853*w + 119862. Calculate b(-5).
597
Let b(c) = 14*c**3 + 87*c**2 + 168*c + 5. Determine b(-2).
-95
Let c(i) = 10*i**2 + 279*i + 1885. Determine c(-10).
95
Let c(d) = 1897*d**2 - 11353*d - 173. Give c(6).
1
Let l(x) = -3*x**3 + 1803*x**2 + 17919*x + 1. What is l(-10)?
4111
Let m(v) = -v**3 + 99*v**2 - 720*v - 109. Determine m(8).
-45
Let u(d) = d**3 - 683*d**2 + 70178*d + 504. What is u(126)?
0
Let l(f) = -82*f**3 + 2541*f**2 + 38*f - 130. Determine l(31).
87
Let h(r) = 2*r**3 - 68*r**2 + 60*r - 2258. Determine h(34).
-218
Let n(b) = -1211*b + 60534. Give n(50).
-16
Let f(x) = 2*x**3 + 723*x**2 + 1998*x - 181863. Determine f(-358).
1
Let t(f) = 695*f**2 + 1999*f + 22. Give t(-4).
3146
Let l(a) = 4638*a + 50938. What is l(-11)?
-80
Let a(y) = y**3 + 12*y**2 - 233*y - 1805. Give a(-19).
95
Let c(r) = -r**2 + 997*r - 246686. Determine c(456).
10
Let w(p) = -26980*p + 134935. Calculate w(5).
35
Let k(h) = -h**2 - 6419*h - 51294. What is k(-8)?
-6
Let k(w) = -503*w - 29086. Give k(-58).
88
Let c(a) = -10*a**2 + 2176*a - 4341. Determine c(2).
-29
Let q(a) = 2151*a + 8717. Determine q(-4).
113
Let l(h) = 32*h**2 + 223*h - 9317. Calculate l(-21).
112
Let d(g) = -6991*g - 776004. Give d(-111).
-3
Let r(z) = z**2 + 331*z + 9294. Give r(-32).
-274
Let u(w) = 15*w**2 + 280*w - 20783. Calculate u(29).
-48
Let q(l) = l**3 + 44*l**2 + 282*l - 2692. What is q(-33)?
-19
Let x(o) = o**3 - 218*o**2 - 2726*o + 28. Determine x(-12).
-380
Let q(z) = 19*z**2 + 408*z + 2204. Calculate q(-12).
44
Let i(r) = 703*r + 9319. What is i(-13)?
180
Let c(r) = -2*r**3 - 21*r**2 + 70*r - 21. Calculate c(-14).
371
Let a(n) = -10*n**2 + 308*n - 1310. Determine a(6).
178
Let s(c) = c**3 - 18*c**2 - 634*c + 9588. Determine s(14).
-72
Let h(w) = -928*w**2 - 4*w - 3. Give h(-1).
-927
Let t(y) = -3*y**2 + 1818*y - 23165. Determine t(593).
-38
Let v(f) = -5216*f + 30966. Calculate v(6).
-330
Let z(g) = -g**2 + 79*g + 37. Give z(25).
1387
Let m(p) = -7859*p - 15913. Determine m(-2).
-195
Let f(o) = 1188*o - 259064. Calculate f(218).
-80
Let k(f) = -f**3 - 70*f**2 - 175*f - 2561. Give k(-68).
91
Let z(i) = i**3 + 43*i**2 - 316*i - 954. Give z(-49).
124
Let q(h) = 5845464*h + 5845471. Calculate q(-1).
7
Let k(v) = 47*v**2 - 7*v + 5. Calculate k(0).
5
Let g(d) = 2478*d**3 + d**2 + 275*d - 275. What is g(1)?
2479
Let a(g) = -21561*g + 323909. Determine a(15).
494
Let i(f) = -f**3 - 212*f**2 + 1339*f - 1273. Give i(5).
-3
Let x(k) = -3*k**2 - 273*k - 6668. Determine x(-56).
-788
Let h(a) = -1670*a + 32766. Determine h(19).
1036
Let o(i) = -4*i**2 - 257*i - 2601. Calculate o(-10).
-431
Let o(m) = -2*m**2 + 1619*m - 87862. Calculate o(751).
5
Let m(f) = -f**2 + 65*f - 35. What is m(76)?
-871
Let h(q) = -q**3 - 1250*q**2 + 1034*q - 271470. Calculate h(-1251).
-3
Let f(c) = -5781*c - 254358. Give f(-44).
6
Let p(n) = 112040*n + 8851159. What is p(-79)?
-1
Let k(r) = -13*r - 266. What is k(62)?
-1072
Let s(y) = -20*y**2 - 1014*y - 995. What is s(-1)?
-1
Let h(q) = q**2 + 238*q + 8300. Give h(-43).
-85
Let n(x) = -48*x + 3282. Determine n(72).
-174
Let o(m) = 5*m**2 - 278*m - 2137. Give o(-7).
54
Let